ate the remainder when 3117776 is divided by 28.
4
What is the remainder when 94589 is divided by 10379?
1178
What is the remainder when 1642401 is divided by 5199?
4716
Calculate the remainder when 74916 is divided by 18426.
1212
Calculate the remainder when 74381613 is divided by 25.
13
Calculate the remainder when 25517980 is divided by 2674.
2672
What is the remainder when 16621752 is divided by 466?
464
Calculate the remainder when 2955906 is divided by 936.
18
Calculate the remainder when 23362421 is divided by 8.
5
What is the remainder when 16288176 is divided by 2889?
2883
What is the remainder when 917855 is divided by 917853?
2
What is the remainder when 767647 is divided by 1616?
47
Calculate the remainder when 39394685 is divided by 705.
695
Calculate the remainder when 5934838 is divided by 549.
148
Calculate the remainder when 27900236 is divided by 7450.
7436
Calculate the remainder when 21101 is divided by 8812.
3477
Calculate the remainder when 3944773 is divided by 207.
181
What is the remainder when 167439 is divided by 1823?
1546
Calculate the remainder when 451892 is divided by 47.
34
Calculate the remainder when 274287 is divided by 12467.
13
What is the remainder when 20196109 is divided by 6732033?
10
What is the remainder when 130050 is divided by 1239?
1194
Calculate the remainder when 17205 is divided by 937.
339
Calculate the remainder when 282070 is divided by 650.
620
Calculate the remainder when 18661097 is divided by 89.
22
What is the remainder when 710621 is divided by 1024?
989
Calculate the remainder when 987956 is divided by 9231.
239
Calculate the remainder when 4498453 is divided by 13.
11
What is the remainder when 3172167 is divided by 528406?
1731
Calculate the remainder when 2540855 is divided by 29890.
205
What is the remainder when 1818457 is divided by 8?
1
Calculate the remainder when 3000819 is divided by 1760.
19
Calculate the remainder when 391054 is divided by 9.
4
What is the remainder when 777 is divided by 169?
101
What is the remainder when 1833459 is divided by 449?
192
Calculate the remainder when 11243589 is divided by 29.
28
What is the remainder when 168810929 is divided by 569?
9
What is the remainder when 34617 is divided by 1245?
1002
Calculate the remainder when 1183699 is divided by 13443.
715
What is the remainder when 129588 is divided by 1557?
357
What is the remainder when 44355 is divided by 14630?
465
What is the remainder when 351795651 is divided by 357?
354
Calculate the remainder when 3149824 is divided by 82890.
4
What is the remainder when 31952943 is divided by 626528?
15
Calculate the remainder when 26959 is divided by 12837.
1285
What is the remainder when 1994566 is divided by 55?
46
What is the remainder when 1548202 is divided by 18214?
12
Calculate the remainder when 35640 is divided by 1235.
1060
What is the remainder when 89123756 is divided by 2408750?
6
What is the remainder when 410451 is divided by 454?
35
What is the remainder when 85587 is divided by 17042?
377
What is the remainder when 262691 is divided by 87526?
113
Calculate the remainder when 10998514 is divided by 21997.
14
Calculate the remainder when 26990446 is divided by 17.
5
Calculate the remainder when 518138 is divided by 6396.
62
What is the remainder when 17454 is divided by 16732?
722
What is the remainder when 174778 is divided by 58249?
31
Calculate the remainder when 13672437 is divided by 206.
11
What is the remainder when 577657 is divided by 1675?
1457
What is the remainder when 24251615 is divided by 93?
5
What is the remainder when 54922962 is divided by 401?
398
Calculate the remainder when 3258653 is divided by 6691.
136
Calculate the remainder when 357197 is divided by 138.
53
Calculate the remainder when 1262690 is divided by 1377.
1358
What is the remainder when 57052 is divided by 14099?
656
Calculate the remainder when 3380980 is divided by 2508.
196
What is the remainder when 1360993 is divided by 194374?
375
What is the remainder when 8640851 is divided by 470?
371
What is the remainder when 12070183 is divided by 43?
40
Calculate the remainder when 10638996 is divided by 954.
942
What is the remainder when 154713 is divided by 191?
3
What is the remainder when 2795926 is divided by 689?
653
What is the remainder when 28450447 is divided by 1015?
1012
Calculate the remainder when 234824 is divided by 535.
494
What is the remainder when 6885 is divided by 2512?
1861
What is the remainder when 157808 is divided by 51?
14
Calculate the remainder when 7860987 is divided by 3090.
27
Calculate the remainder when 58467786 is divided by 172.
170
What is the remainder when 19405173 is divided by 22?
7
Calculate the remainder when 4618163 is divided by 84.
11
What is the remainder when 34622212 is divided by 109?
106
What is the remainder when 25158478 is divided by 16?
14
Calculate the remainder when 10018268 is divided by 97.
11
What is the remainder when 156275 is divided by 14020?
2055
Calculate the remainder when 95892886 is divided by 2116.
2114
Calculate the remainder when 318397948 is divided by 45.
43
Calculate the remainder when 4900245 is divided by 4900225.
20
Calculate the remainder when 1688931 is divided by 78.
75
What is the remainder when 2903652 is divided by 7223?
6
Calculate the remainder when 439354 is divided by 8130.
334
What is the remainder when 559004 is divided by 974?
902
Calculate the remainder when 115618 is divided by 16514.
20
Calculate the remainder when 11336722 is divided by 165.
67
What is the remainder when 27098753 is divided by 3871249?
10
Calculate the remainder when 104670 is divided by 10432.
350
Calculate the remainder when 214185147 is divided by 42.
15
What is the remainder when 15318638 is divided by 851035?
8
Calculate the remainder when 47499 is divided by 11847.
111
What is the remainder when 429149 is divided by 107258?
117
Calculate the remainder when 650866 is divided by 289.
38
What is the remainder when 39268047 is divided by 152?
63
What is the remainder when 17817850 is divided by 18599?
8
Calculate the remainder when 172043069 is divided by 2110.
2109
What is the remainder when 73078979 is divided by 4059943?
5
Calculate the remainder when 145103 is divided by 369.
86
Calculate the remainder when 17072 is divided by 3965.
1212
What is the remainder when 6668306 is divided by 110?
106
Calculate the remainder when 413811 is divided by 181.
45
What is the remainder when 277145 is divided by 273?
50
Calculate the remainder when 40850921 is divided by 2598.
2567
Calculate the remainder when 1163695 is divided by 27706.
43
What is the remainder when 57089323 is divided by 1065?
1063
Calculate the remainder when 1324393 is divided by 12.
1
Calculate the remainder when 108126 is divided by 35521.
1563
What is the remainder when 18612 is divided by 5873?
993
Calculate the remainder when 18741579 is divided by 36.
15
Calculate the remainder when 176063 is divided by 176063.
0
What is the remainder when 7550 is divided by 91?
88
What is the remainder when 11277730 is divided by 123?
106
Calculate the remainder when 180698 is divided by 3682.
280
Calculate the remainder when 6203465 is divided by 444.
341
What is the remainder when 363028 is divided by 5184?
148
What is the remainder when 4551645 is divided by 252869?
3
What is the remainder when 691131 is divided by 312?
51
What is the remainder when 1278667 is divided by 73?
72
What is the remainder when 698023 is divided by 697939?
84
Calculate the remainder when 5382795 is divided by 1005.
15
What is the remainder when 512739544 is divided by 1104?
1096
What is the remainder when 7501182 is divided by 181?
180
What is the remainder when 9409041 is divided by 3490?
1
What is the remainder when 19110774 is divided by 780?
774
Calculate the remainder when 3463728643 is divided by 163.
159
What is the remainder when 452861 is divided by 90565?
36
What is the remainder when 6159 is divided by 2541?
1077
Calculate the remainder when 578030 is divided by 319.
2
What is the remainder when 2898997 is divided by 1349?
1345
What is the remainder when 83231 is divided by 82236?
995
Calculate the remainder when 567573 is divided by 2158.
19
What is the remainder when 127345690 is divided 